 -56*z + 50*z + 492 = 0. Calculate the remainder when z is divided by (-159)/(-9) - 2/3.
14
Let a = 44 + -24. Let h = -6 + a. Suppose -205 + 61 = -18*m. Calculate the remainder when h is divided by m.
6
Let c(o) = o - 3. Let l be c(9). Let s be (-2)/l + (-11)/(-33). Suppose -2*k = -s*k - 54. Calculate the remainder when 106 is divided by k.
25
Suppose -5*n + 1365 = 885. Calculate the remainder when 355 is divided by n.
67
Suppose 8*n = 5*n, l - 47 = 5*n. Calculate the remainder when 89 is divided by l.
42
Let u(s) = s**3 + s**2 + 2*s + 47. Let t = -18 - 3. Let w = -21 - t. What is the remainder when u(w) is divided by 25?
22
Let x = 251 + -245. What is the remainder when 15 is divided by x?
3
Suppose 0 = 37*u + 5*u - 2142. What is the remainder when 196 is divided by u?
43
Let d(v) = -v**2 - 17*v - 11. What is the remainder when d(-13) is divided by 2?
1
Let g be 38/4 + (-21)/(-14). Let x(b) = 1 + 1 - g - 8*b. What is the remainder when x(-5) is divided by 16?
15
Let a be (-1)/(-1)*2 - -1. Let x = 374 + -372. Suppose -2*r + a*z = -x, 0 = -3*r - 2*z + z + 14. Calculate the remainder when 6 is divided by r.
2
Suppose -2*i - 52 = 2*b - 0*b, 0 = 4*i - 20. Let c = b - -52. What is the remainder when (-16)/24 - (-238)/6 is divided by c?
18
Let q be 4 + 3 + 86 - -3. Let j = -19 + q. What is the remainder when j is divided by 26?
25
Let o = -29 - -29. Suppose -5*w + 27 = 3*y - 1, 5*y + 2*w - 53 = o. Calculate the remainder when 21 is divided by y.
10
Let i(x) = 4*x**2 + x + 2. Let g be i(3). Let u be 668/(-52) + -4*5/130. Let k = g + u. What is the remainder when k is divided by 10?
8
Let y = -76 + 148. Let s = y + -39. Calculate the remainder when 131 is divided by s.
32
Let x be (-30)/(-1*6/8). Let k = -70 + x. Let q = k + 47. What is the remainder when q is divided by 9?
8
What is the remainder when 3 + 32 + (-11)/((-55)/(-30)) is divided by (-3 + 14 - -2) + -3?
9
Suppose 5*q + 503 - 1333 = 0. Let o be q/(-7) + 14/(-49). What is the remainder when 57 is divided by 2/o*-4*45?
12
Let k = 5 + 7. Let z(b) = -b - 7. Let w be z(-9). Suppose 0 = w*m - 7*m + 110. What is the remainder when m is divided by k?
10
Suppose 0 = 234*p - 238*p + 36. What is the remainder when 16 is divided by p?
7
Let j = -679 - -697. What is the remainder when ((-2)/4)/(1/(-178)) is divided by j?
17
Let h = 202 + 82. Calculate the remainder when h is divided by 24.
20
Let k(g) = 9*g**3 + g**2 - 2*g + 1. Let v be k(1). Let r(a) = a**3 - 6*a**2 - 15*a + 4. What is the remainder when r(v) is divided by 19?
17
Suppose -3*q - 71 = -8*q + 2*r, 3*r + 22 = q. Let k = q - 8. Suppose -t - k*t = -414. Calculate the remainder when t is divided by 18.
15
Suppose -218*s + 224*s = 66. Let q = -101 - -165. Calculate the remainder when q is divided by s.
9
Suppose -5*h - l = -255, 2*l + 5 = h - 57. Let x be 8/h + 3528/52. Suppose -4*g + x - 12 = 0. Calculate the remainder when g is divided by 8.
6
Let y(x) = -x + 26. Let j be y(-8). Calculate the remainder when 123 is divided by j - (-1 + 6) - -4.
24
Let f be (4/10)/((-11)/(-550)). Suppose -28 = 18*n - f*n. Calculate the remainder when n is divided by 8.
6
Let d(p) = -3*p. Suppose 33*c - 306 - 1146 = 0. Calculate the remainder when c is divided by d(-4).
8
Let a be (10/(-15))/(6/207). Let f = a + 42. Calculate the remainder when f is divided by 4.
3
Let f = 1570 - 1510. What is the remainder when f is divided by 28?
4
Let z = -27 - -60. What is the remainder when z is divided by 7?
5
Suppose 0 = 3*s - 8*s - 5*g + 920, -3*s + 5*g + 560 = 0. What is the remainder when s is divided by 58?
11
Let y(k) = -8*k**2 - 94*k - 33. What is the remainder when y(-11) is divided by 14?
5
Suppose -90 = -102*z + 93*z. Calculate the remainder when z is divided by 1.
0
Suppose 3*y - y - 2*h = 32, y = -2*h + 10. Let n(a) = -5*a + 5. Calculate the remainder when n(-4) is divided by y.
11
Suppose 2260 = 4*g + y, -4*y = -2*g + y + 1130. Calculate the remainder when g is divided by 63.
61
Suppose 26*j - 63 = -11. Calculate the remainder when 2 is divided by j.
0
Let o(t) = -6*t - 9. Let z(m) = -2*m**2 + 2*m + 4. Let s be z(3). Calculate the remainder when o(s) is divided by 8.
7
Let v be 2/(2 - (-32)/(-15)). Suppose -2*m + 58 = -2*n, 5*n - 4*m + 101 + 46 = 0. Let g = v - n. What is the remainder when 45 is divided by g?
13
Suppose -14*y - 65 = -19*y. Let b = 4 - -31. What is the remainder when b is divided by y?
9
Let b(i) = 56*i + 3. Let k be b(4). Suppose 2*w - 46 - 54 = 2*s, 0 = -4*w - 5*s + k. What is the remainder when w is divided by 22?
9
Let h = -283 + 307. What is the remainder when 69 is divided by h?
21
Let d = 122 + 80. Calculate the remainder when d is divided by 21.
13
Suppose -59*z + 63*z = 56. Suppose 5*l + z = 89. Suppose -4*h - 5*c = -2*c - 235, 3 = 3*c. What is the remainder when h is divided by l?
13
Suppose -15*u = -19*u + 1004. What is the remainder when u is divided by 54?
35
Let k(f) = 4*f - 10. Let r be k(10). Let u(g) = 2*g**2 + 3*g + 1. Let o be u(-2). Suppose -l + o*l - r = 0. What is the remainder when 29 is divided by l?
14
Suppose -119 = 4*n + 5*x + 197, 4*n + 316 = 2*x. Let s = n + 100. What is the remainder when 103 is divided by s?
19
Suppose -y = -4, a - 4*y - 272 = -2*a. Suppose -o + 3*t + 13 = 0, -5*o - 6*t + 121 = -7*t. What is the remainder when a is divided by o?
21
Let n(y) = 5*y**2 - 52*y + 117. Calculate the remainder when 178 is divided by n(9).
16
Let w(h) be the second derivative of h**5/20 + 3*h**4/4 + 3*h**3/2 - 5*h**2/2 + h. Calculate the remainder when w(-6) is divided by 11.
5
What is the remainder when 6096/160 - ((-93)/(-30) - 3) is divided by 20?
18
Let u be -2*1*30/20. What is the remainder when 136 is divided by 46*(-1 + u/(-2))?
21
Let p = 231 + -209. Let t = -163 - -249. Calculate the remainder when t is divided by p.
20
What is the remainder when 29 is divided by (120/104 - 1) + 102/13?
5
Let r(h) = 14*h + 6. Let y be r(1). Suppose 5*i - 3*a - 84 = a, i - 4*a = y. What is the remainder when 28 is divided by i?
12
What is the remainder when 537 is divided by 2768/92 - (-10)/(-115)?
27
Suppose -x - 4 = -4*d, -5*x + 83 = 4*d + 7. Let q(b) = b**3 + 7*b**2 - 5*b. What is the remainder when q(-7) is divided by x?
11
Suppose 5*k + 36 = -3*p + 159, 2*k + 4*p = 52. Suppose u + 41 - 132 = 0. Suppose -2*f + 9*f - u = 0. What is the remainder when k is divided by f?
11
Suppose -2*z = 4*i - 208, -466 = -5*z + i + 98. Suppose z = v + 70. Calculate the remainder when v is divided by 9.
6
Let u(n) = -n**2 + 31*n - 101. What is the remainder when 82 is divided by u(27)?
5
Let g = -141 + 74. Let u = g + 146. Suppose 5*t + 9 = u. Calculate the remainder when t is divided by 4.
2
Let l = -1578 + 1816. Calculate the remainder when l is divided by 41.
33
Let h = 1394 + -1086. What is the remainder when h is divided by 13?
9
Suppose 5*d + 5*s = 230, 0 = -2*d + 7*s - 2*s + 71. Calculate the remainder when d is divided by 15.
13
Suppose 108 = m - g, -4*m - 11*g + 12*g = -435. What is the remainder when m is divided by 37?
35
Let b(i) = i**2 + 39*i - 8. What is the remainder when 475 is divided by b(-40)?
27
What is the remainder when (-3)/(-1)*(11 - (-25)/3) is divided by 9?
4
Suppose -5*x = 4*z - 85, 5*z - 2*z + 15 = 0. What is the remainder when 113 - -8 - (-9)/((-9)/(-3)) is divided by x?
19
Let s be (-4)/(-14) + (-52)/(-14). Let d be 8*s*2/16. Let o = 15 - d. What is the remainder when 19 is divided by o?
8
Suppose 19*u + 55 = 24*u. Calculate the remainder when 21 is divided by u.
10
Suppose 3*g + 3*m - 90 = -234, 5*g = -m - 252. Let r = g + 61. Calculate the remainder when r is divided by 4.
2
Let l(w) = w**2 + 3*w - 8. Let n be l(-8). Let c = 35 - n. Suppose c*k - 68 = -0*k + 5*y, 67 = 3*k - 4*y. What is the remainder when 81 is divided by k?
18
Suppose 0 = 4*w - 9*w. Suppose -v + 4 = -w*v. Let m = 16 - 7. What is the remainder when m is divided by v?
1
Let n(q) = 2*q + 2. Let w be n(3). Let r be (12/w)/(2/(-4)). Let o(j) = -j - 1. Calculate the remainder when o(r) is divided by 2.
0
Let s(b) = 17*b**2 - 3*b + 2. Let v be s(-2). Suppose j + r - v = -2*r, 0 = -j - r + 68. What is the remainder when j is divided by 17?
13
Let y = -64 - -76. Suppose 521 = 4*l + 161. Suppose 0*n - 2*n + l = 0. What is the remainder when n is div